6 = p - 0*u, 14 = -p + u. Let v(o) = 10*o**2 + 44*o + 7. Let g(s) = -7*s**2 - 30*s - 4. Let m(c) = 7*g(c) + 5*v(c). What is m(p)?
7
Let n(x) be the first derivative of x**4/4 + 7*x**3/3 + 7*x**2/2 - 7*x - 123. Let h be 32/(-5) - 2/(-5). Determine n(h).
-13
Let l(a) = -a**3 - 4*a**2 + 14*a + 9. Suppose -6*r - 54 = 3*r. What is l(r)?
-3
Let z(x) = -2*x**2 + 3*x - 3. Let a(c) = -17*c + 6*c + 12*c + 10. Let b be a(-8). Give z(b).
-5
Let n = -23 - -21. Let c(o) = o**2 + 4*o + 1 - 13*o + 5*o + 5*o. Give c(n).
3
Suppose 3*a + q + 36 + 1 = 0, 5 = -5*q. Let w = 12 + a. Suppose w*m - 4*m = 24. Let z(g) = g**2 + 5*g. Calculate z(m).
6
Let y(n) = 4*n - 17. Let u(k) = 3*k - 11. Suppose 4*b - 1 = -d + 2*b, 4*b = -3*d - 3. Suppose 3*f - 10 = 11. Let r(x) = d*y(x) + f*u(x). Give r(-7).
1
Let z(k) be the first derivative of -k**3/3 + 3*k**2 - 7*k + 3. Let a be z(5). Let j(x) be the first derivative of 2*x**3/3 + 2*x**2 + 3*x - 104. Give j(a).
3
Let l(f) = -9*f**2 - 7*f. Let q(p) = -16*p**2 - 14*p + 2. Let u(o) = 7*l(o) - 4*q(o). Give u(-9).
10
Let x(p) = -p**2 - 3. Suppose 0 = 5*w - 5*q - 45, 3*w - 27 = -2*q - 3*q. Suppose 0 = w*o - 14*o. Calculate x(o).
-3
Let j(i) = 32*i**2 + i. Let s = 423 + -424. Calculate j(s).
31
Let j(y) = y**2 + 6*y + 5. Let m be (-6)/1*(-1)/(-1). Let s be j(m). Let r(t) = 2*t + 11 - 3*t - 29 + 8 + 8. What is r(s)?
-7
Let j(w) = -2*w**2 - w - 1. Let b = -26 + 21. Let u be -3*b*(-3)/15. Give j(u).
-16
Let a(h) = h + 5. Let t = 220 - 220. What is a(t)?
5
Let n(b) = -b**2 + 7*b - 7. Suppose -86 = -2*a - 3*w + 5*w, 2*a - 86 = -w. Suppose 4*v = 3*l + 2*l + a, 0 = 5*v + 3*l - 26. Determine n(v).
-7
Let l(m) = 3*m - 1. Let a be ((-4)/3)/(14/(-63)). Suppose -t - a + 1 = 0. Let r be -3 - (0 - (-3 - t)). What is l(r)?
-4
Let c = -77 - -79. Let a(w) = 4*w**c - 78 - w**2 + 79. Let p = 4 + -2. What is a(p)?
13
Let o(g) = g**2 + 19*g - 42. Let d be o(-21). Suppose 5*p + 4*p - 63 = d. Let c(u) = 2*u - 1. What is c(p)?
13
Suppose 3*y = 56*y. Let w(o) = -2*o**2 + 2*o + 1. Give w(y).
1
Let r = 19 - 26. Suppose 0*k - 2*k = -4. Let o(a) = a**k - 3 - 5*a**2 - 55*a + 48*a + 3*a**2. Determine o(r).
-3
Let b(n) = 4*n**2 + n + 2. Let i(s) = 5*s**2 + 2*s + 3. Let f(o) = -6*b(o) + 5*i(o). Suppose 12*w = 14*w - t + 1, -w + 5*t = -13. Determine f(w).
-1
Let l(h) = 8*h - 156. Let w be l(21). Let y(k) = k**2 - 11*k - 6. Give y(w).
6
Let k be 0 + -1 - (3 - 7). Suppose 2*r + 5 = -k*r. Let x(c) = -3*c - 7. Let z(d) = 5*d + 13. Let h(y) = 11*x(y) + 6*z(y). Give h(r).
4
Let t = -53 + 56. Suppose 7*o - t*o + 16 = 0. Let z(n) = n**2 + 5*n + 3. Give z(o).
-1
Let r(t) = -19 + 8 - 6*t + 4 + 4 - t**2. Let k be (5/3)/(2/(-6)). What is r(k)?
2
Let j be (-5)/(-5) + (1 - 6). Let k be -2 + ((-15)/20 - 47/j). Let q(m) = -m + 7. Calculate q(k).
-2
Let u(b) = 22*b + 483. Let t be u(-22). Let x(y) = -2*y**3 - 2*y**2 + 3*y + 4. Let n(j) = 3*j**3 + 2*j**2 - 4*j - 5. Let q(g) = 4*n(g) + 5*x(g). Calculate q(t).
-3
Let i(b) be the first derivative of -7*b**2/2 - b - 88. Determine i(2).
-15
Let b(v) = -v**2 + 185*v**3 - 171*v**3 - 2*v**2 + 4*v**2. What is b(1)?
15
Suppose 3*y + 143 = 164. Let b(v) = -3*v. What is b(y)?
-21
Let p(n) = n + 10. Let b(o) = o - 8. Let c be b(0). Let w = 15 + c. Let h = 2 - w. Give p(h).
5
Let u(l) = -2*l**3 + 9*l**2 - 10*l + 2. Let j(n) = -n**3 - n - 1. Let z(m) = -j(m) + u(m). Let q(s) = 4*s**2 + 68*s + 248. Let r be q(-5). Give z(r).
-5
Let z be 3/(-6)*((-56)/(-8) + -7). Let r(a) = a**3 - 9. Determine r(z).
-9
Let x(z) be the first derivative of -2*z**2 - 8*z - 70. Let g(j) be the first derivative of j**2/2 + j + 1. Let n(b) = -2*g(b) - x(b). Determine n(-4).
-2
Let r(a) = a**2 - 7. Let o be r(2). Let y(v) = 4*v + 10. Determine y(o).
-2
Let n(k) be the second derivative of k**4/12 + k**3 + k**2 - k. Suppose -11*w + 6*w - 8 = -4*g, 0 = 5*w - 2*g + 14. What is n(w)?
-6
Let o(r) = -2*r + 6. Let l(c) = 10 - c - 21 + 9. Let t be l(-9). Determine o(t).
-8
Let v(x) = -x**2 + 2*x + 6. Let y(i) = -i**2 + 21*i - 64. Let d be y(17). What is v(d)?
-2
Let d(g) = -5*g**3 + g - 1. Let w = 9 - -4. Let x = -2 + w. Let a = x - 10. Determine d(a).
-5
Suppose -d = 8*d - 531. Let r = -52 + d. Let v(h) = -h + 6. Give v(r).
-1
Let w(j) be the second derivative of 3*j**5/20 - j**4/12 + j**3/3 + j**2/2 - 440*j. Give w(2).
25
Let l(k) = -14*k + 28. Let t(f) = 9*f + 1. Let h(i) = -l(i) - 2*t(i). Calculate h(-6).
-6
Let t(n) be the second derivative of 5*n**3/6 - n**2 + 54*n. Determine t(7).
33
Let t(s) = -3*s + 2. Let n be 10/(-45) - 968/18. Let v = n - -37. Let a = -13 - v. Determine t(a).
-10
Let b be (-18)/3*7/(-2). Let a be (-1 + (-2)/4)*40/(-15). Suppose a*s = -3 - b. Let z(o) = o**2 + 6*o - 1. Determine z(s).
-1
Let v(p) = 9*p**2 + 4*p + 2. Let d be v(-2). Suppose -g = 47 - 15. Let b = g + d. Let q(r) = 3*r + 3. Give q(b).
-3
Let w(g) = -g**2 - 15*g - 10. Let b be w(-14). Let c(k) = 3*k - 5. Let f(s) = 2*s - 4. Let l(h) = b*f(h) - 3*c(h). Suppose -10 = 4*q + 2. What is l(q)?
2
Let g be -1 + (-2 - 14/(-2)). Let c(t) = t - 1. Let r(n) = 9*n - 2. Let y = -12 + 6. Let p(a) = y*c(a) + r(a). Determine p(g).
16
Let l(q) = 2*q**3 + q**2 + q + 1. Let j(o) = -7*o**3 + 3*o**2 - 3*o - 10. Let p(s) = j(s) + 3*l(s). What is p(5)?
18
Let k(d) = -16*d**3 - 3*d**2 - 5*d. Let b(a) = -a**2 - a. Let s(q) = 2*q**2 + q. Let y(r) = 3*b(r) + s(r). Let o(c) = -k(c) + 3*y(c). Give o(-1).
-15
Let b(o) = 2*o - 7. Let h = -35 + 51. Let x = 9 + -4. Suppose -h = 2*c - 4*c + i, -2*c = x*i + 8. Determine b(c).
5
Let v(y) = 2*y - 3*y + 1 + 2. Suppose 43*p - 41*p - 4 = 0, -4*p = 3*c - 8. What is v(c)?
3
Let o(d) = d + 1. Let g(q) = -4*q - 1. Let x(z) = g(z) + 2*o(z). Let c = 14 + -12. Calculate x(c).
-3
Let q(m) = -3*m - 1. Suppose -11 = -b - 0*b. Let g(f) = -f**2 + 12*f - 4. Let l be g(b). Suppose l*u + 16 = 3*u + w, -12 = 3*u - 2*w. Calculate q(u).
11
Let n = 29 + -27. Let p(k) = k**3 - k**2 + k - 2. Let i be p(2). Let c(m) = -20*m + 17*m - 2 + i + 2*m**2. What is c(n)?
4
Let b(f) = f - 2. Let w be b(4). Let n(o) = 3*o**2 + o + 2. Let i(r) be the second derivative of -r**4/12 - r**2/2 + 6*r. Let a(u) = -2*i(u) - n(u). Give a(w).
-6
Suppose -4*o = 2*d + 3*d, -o = 4*d. Let z be (o - 5)*28/10. Let u be ((-63)/z)/(6/8). Let l(y) = -y**2 + 7*y + 4. What is l(u)?
10
Let g be (-6)/(-10) - 40/25. Let z be g*(-5)/(-50)*5*2. Let f(l) = l**2 - 2*l**3 + 5*l**3 - 2*l**3. Calculate f(z).
0
Suppose -2*v + 14 = 4*w, w - v = -0 + 2. Suppose 12 = w*i, 3*k = -k - 4*i + 16. Let t(x) = -4*x + 5*x - 7 + k*x + 8. Determine t(1).
2
Let v(y) = -2*y - 9. Let s = -8 + 11. Let g(l) = -l**2 - l - 1 - 24*l**s + 18*l**3 + 3*l. Let j be g(1). Determine v(j).
3
Let y(q) = 9*q + 2. Let m(z) = 2*z. Let l(v) = -4*m(v) + y(v). Give l(-9).
-7
Let y(a) = -12*a + 2 - 2 + 1. Let f(w) = w - 17. Let p be f(18). Determine y(p).
-11
Let l(f) be the third derivative of 4/3*f**3 - 5/24*f**4 + 0 + 0*f + 7/60*f**5 - 1/120*f**6 - 5*f**2. Calculate l(6).
14
Suppose 0 = r + 3*r + 4. Let j = 3 - r. Let d(u) = 2*u**2 - 6*u + 6. Let w(m) = -m**2 + 3*m - 3. Let g(q) = -4*d(q) - 7*w(q). Give g(j).
-7
Suppose 56 = 7*x - 7. Suppose 7*k = 2*k + x*k. Let t(d) = d**3 + d + 28. Calculate t(k).
28
Let x(m) = -m**2 + 4*m + 3. Let t be x(3). Let q(p) be the first derivative of -p**3/3 + 4*p**2 - 8*p - 75. What is q(t)?
4
Let p(o) = -7*o + 10. Let f = -1280 + 1285. Give p(f).
-25
Let s(z) = -9*z - 11. Let m(h) = -28*h - 36. Let b(i) = -5*m(i) + 16*s(i). Determine b(5).
-16
Let k(u) = -7*u - 3. Let p(q) = -6*q - 3. Let m(x) = 4*k(x) - 5*p(x). Let d be (8/(-6))/(4/(-6)). Suppose -1 = -v + d. Calculate m(v).
9
Let j be 2/(2*(-3)/6). Let s(q) = 8*q + 17. Determine s(j).
1
Let u(a) = -a**3 + 5*a**2 - 3*a + 13. Let w(k) = -5*k**3 + 19*k**2 - 11*k + 53. Let t(p) = 9*u(p) - 2*w(p). Determine t(-8).
-13
Let n(b) = b**3 + 5*b**2 + b + 3. Suppose 4*h = -5*o - h, -4*h = -o + 25. Suppose 10 = -o*u - 10. Calculate n(u).
15
Let b(o) = 2*o**3 + 2*o**2 + 0*o**3 - 64*o + 39*o + 21*o + 2 - 3*o**3. Determine b(4).
-46
Let l be (-24)/(-13) + (-28)/(-182). Let b be (60/(-42))/(l/(-7)). Let i(x) = 7*x + 10. Let c(q) = -4*q - 5. Let y(m) = 5*c(m) + 3*i(m). Give y(b).
10
Suppose q = 3*a + 11, -3*q + 0*q = 4*a + 19. Let r(c) = -4*c**2 - c - 2. Determine r(q).
-5
Let f(z) = z + 9. Let o be f(-5). Let 